{"id":17,"date":"2025-06-26T23:37:30","date_gmt":"2025-06-26T23:37:30","guid":{"rendered":"https:\/\/montrasas.com\/?page_id=17"},"modified":"2025-07-14T18:00:52","modified_gmt":"2025-07-14T18:00:52","slug":"blog","status":"publish","type":"page","link":"https:\/\/montrasas.com\/index.php\/blog\/","title":{"rendered":"Blog"},"content":{"rendered":"<p data-start=\"203\" data-end=\"358\">En <strong data-start=\"206\" data-end=\"249\">Monteriana de Transporte S.A.S \u2013 Montra<\/strong>, creemos que moverse va m\u00e1s all\u00e1 de llegar de un punto a otro. Es conectar historias, regiones y personas.<\/p>\n<p data-start=\"360\" data-end=\"736\">En este espacio encontrar\u00e1s noticias, actualizaciones, buenas pr\u00e1cticas, recomendaciones para tus viajes y todo lo relacionado con nuestro compromiso con la <strong data-start=\"517\" data-end=\"569\">seguridad, la legalidad y el servicio de calidad<\/strong>. Tambi\u00e9n te contaremos c\u00f3mo trabajamos d\u00eda a d\u00eda para mejorar nuestros procesos, formar a nuestros conductores y mantener nuestros veh\u00edculos en \u00f3ptimas condiciones.<\/p>\n<p data-start=\"738\" data-end=\"907\">Con m\u00e1s de una d\u00e9cada recorriendo C\u00f3rdoba, te invitamos a conocer desde adentro c\u00f3mo funciona una empresa de transporte responsable, humana y orgullosamente cordobesa.<\/p>\n","protected":false},"excerpt":{"rendered":"<p>En Monteriana de Transporte S.A.S \u2013 Montra, creemos que moverse va m\u00e1s all\u00e1 de llegar de un punto a otro. Es conectar historias, regiones y personas. En este espacio encontrar\u00e1s noticias, actualizaciones, buenas pr\u00e1cticas, recomendaciones para tus viajes y todo lo relacionado con nuestro compromiso con la seguridad, la legalidad y el servicio de calidad. [&hellip;]<\/p>\n","protected":false},"author":1,"featured_media":0,"parent":0,"menu_order":0,"comment_status":"closed","ping_status":"closed","template":"page-no-title","meta":{"footnotes":""},"class_list":["post-17","page","type-page","status-publish","hentry"],"jetpack_sharing_enabled":true,"_links":{"self":[{"href":"https:\/\/montrasas.com\/index.php\/wp-json\/wp\/v2\/pages\/17","targetHints":{"allow":["GET"]}}],"collection":[{"href":"https:\/\/montrasas.com\/index.php\/wp-json\/wp\/v2\/pages"}],"about":[{"href":"https:\/\/montrasas.com\/index.php\/wp-json\/wp\/v2\/types\/page"}],"author":[{"embeddable":true,"href":"https:\/\/montrasas.com\/index.php\/wp-json\/wp\/v2\/users\/1"}],"replies":[{"embeddable":true,"href":"https:\/\/montrasas.com\/index.php\/wp-json\/wp\/v2\/comments?post=17"}],"version-history":[{"count":4,"href":"https:\/\/montrasas.com\/index.php\/wp-json\/wp\/v2\/pages\/17\/revisions"}],"predecessor-version":[{"id":369,"href":"https:\/\/montrasas.com\/index.php\/wp-json\/wp\/v2\/pages\/17\/revisions\/369"}],"wp:attachment":[{"href":"https:\/\/montrasas.com\/index.php\/wp-json\/wp\/v2\/media?parent=17"}],"curies":[{"name":"wp","href":"https:\/\/api.w.org\/{rel}","templated":true}]}}